{"id":515,"date":"2025-08-07T14:45:36","date_gmt":"2025-08-07T14:45:36","guid":{"rendered":"https:\/\/everaus.ee\/susitee\/?page_id=515"},"modified":"2025-08-07T14:48:21","modified_gmt":"2025-08-07T14:48:21","slug":"avaleht","status":"publish","type":"page","link":"https:\/\/everaus.ee\/susitee\/","title":{"rendered":"Avaleht"},"content":{"rendered":"<section class=\"l-section wpb_row project-closed-section height_medium full_height valign_center color_alternate with_img\"><div class=\"l-section-img\" role=\"img\" aria-label=\"Image\" data-img-width=\"2560\" data-img-height=\"1707\" style=\"background-image: url(https:\/\/everaus.ee\/susitee\/wp-content\/uploads\/sites\/2\/2025\/08\/Susi-tee-ridaelamud.jpg);background-repeat: no-repeat;\"><\/div><div class=\"l-section-h i-cf\"><div class=\"g-cols vc_row via_grid cols_3-2 laptops-cols_inherit tablets-cols_inherit mobiles-cols_1 valign_top type_default stacking_default\"><div class=\"wpb_column vc_column_container\"><div class=\"vc_column-inner\"><\/div><\/div><div class=\"wpb_column vc_column_container\"><div class=\"vc_column-inner\"><div class=\"wpb_text_column\"><div class=\"wpb_wrapper\"><h1><a href=\"https:\/\/everaus.ee\"><img loading=\"lazy\" decoding=\"async\" class=\"alignnone wp-image-1517\" src=\"https:\/\/everaus.ee\/wp-content\/uploads\/2022\/03\/Everaus-logo.svg\" alt=\"\" width=\"300\" height=\"106\" \/><\/a><\/h1>\n<h1>K\u00f5ik kodud on m\u00fc\u00fcdud<\/h1>\n<p>Tutvu uute pakkumistega <span style=\"text-decoration: underline;\"><a href=\"https:\/\/everaus.ee\/\">www.everaus.ee<\/a><\/span><\/p>\n<\/div><\/div><\/div><\/div><\/div><\/div><\/section>\n","protected":false},"excerpt":{"rendered":"K\u00f5ik kodud on m\u00fc\u00fcdud Tutvu uute pakkumistega www.everaus.ee","protected":false},"author":13,"featured_media":0,"parent":0,"menu_order":0,"comment_status":"closed","ping_status":"closed","template":"","meta":{"footnotes":""},"class_list":["post-515","page","type-page","status-publish","hentry"],"yoast_head":"<!-- This site is optimized with the Yoast SEO plugin v27.5 - https:\/\/yoast.com\/product\/yoast-seo-wordpress\/ -->\n<title>Avaleht - Susi tee ridaelamud<\/title>\n<meta name=\"robots\" content=\"index, follow, max-snippet:-1, max-image-preview:large, max-video-preview:-1\" \/>\n<link rel=\"canonical\" href=\"https:\/\/everaus.ee\/susitee\/\" \/>\n<meta property=\"og:locale\" content=\"en_US\" \/>\n<meta property=\"og:type\" content=\"article\" \/>\n<meta property=\"og:title\" content=\"Avaleht - Susi tee ridaelamud\" \/>\n<meta property=\"og:url\" content=\"https:\/\/everaus.ee\/susitee\/\" \/>\n<meta property=\"og:site_name\" content=\"Susi tee ridaelamud\" \/>\n<meta property=\"article:modified_time\" content=\"2025-08-07T14:48:21+00:00\" \/>\n<meta name=\"twitter:card\" content=\"summary_large_image\" \/>\n<meta name=\"twitter:label1\" content=\"Est. reading time\" \/>\n\t<meta name=\"twitter:data1\" content=\"1 minute\" \/>\n<script type=\"application\/ld+json\" class=\"yoast-schema-graph\">{\"@context\":\"https:\\\/\\\/schema.org\",\"@graph\":[{\"@type\":\"WebPage\",\"@id\":\"https:\\\/\\\/everaus.ee\\\/susitee\\\/\",\"url\":\"https:\\\/\\\/everaus.ee\\\/susitee\\\/\",\"name\":\"Avaleht - Susi tee ridaelamud\",\"isPartOf\":{\"@id\":\"https:\\\/\\\/everaus.ee\\\/susitee\\\/#website\"},\"primaryImageOfPage\":{\"@id\":\"https:\\\/\\\/everaus.ee\\\/susitee\\\/#primaryimage\"},\"image\":{\"@id\":\"https:\\\/\\\/everaus.ee\\\/susitee\\\/#primaryimage\"},\"thumbnailUrl\":\"https:\\\/\\\/everaus.ee\\\/wp-content\\\/uploads\\\/2022\\\/03\\\/Everaus-logo.svg\",\"datePublished\":\"2025-08-07T14:45:36+00:00\",\"dateModified\":\"2025-08-07T14:48:21+00:00\",\"breadcrumb\":{\"@id\":\"https:\\\/\\\/everaus.ee\\\/susitee\\\/#breadcrumb\"},\"inLanguage\":\"en-US\",\"potentialAction\":[{\"@type\":\"ReadAction\",\"target\":[\"https:\\\/\\\/everaus.ee\\\/susitee\\\/\"]}]},{\"@type\":\"ImageObject\",\"inLanguage\":\"en-US\",\"@id\":\"https:\\\/\\\/everaus.ee\\\/susitee\\\/#primaryimage\",\"url\":\"https:\\\/\\\/everaus.ee\\\/wp-content\\\/uploads\\\/2022\\\/03\\\/Everaus-logo.svg\",\"contentUrl\":\"https:\\\/\\\/everaus.ee\\\/wp-content\\\/uploads\\\/2022\\\/03\\\/Everaus-logo.svg\"},{\"@type\":\"BreadcrumbList\",\"@id\":\"https:\\\/\\\/everaus.ee\\\/susitee\\\/#breadcrumb\",\"itemListElement\":[{\"@type\":\"ListItem\",\"position\":1,\"name\":\"Home\",\"item\":\"https:\\\/\\\/everaus.ee\\\/susitee\\\/\"},{\"@type\":\"ListItem\",\"position\":2,\"name\":\"Avaleht\"}]},{\"@type\":\"WebSite\",\"@id\":\"https:\\\/\\\/everaus.ee\\\/susitee\\\/#website\",\"url\":\"https:\\\/\\\/everaus.ee\\\/susitee\\\/\",\"name\":\"Susi tee ridaelamud\",\"description\":\"Kaasaegsed ridaelamud m\u00f5istliku hinnaga\",\"potentialAction\":[{\"@type\":\"SearchAction\",\"target\":{\"@type\":\"EntryPoint\",\"urlTemplate\":\"https:\\\/\\\/everaus.ee\\\/susitee\\\/?s={search_term_string}\"},\"query-input\":{\"@type\":\"PropertyValueSpecification\",\"valueRequired\":true,\"valueName\":\"search_term_string\"}}],\"inLanguage\":\"en-US\"}]}<\/script>\n<!-- \/ Yoast SEO plugin. -->","yoast_head_json":{"title":"Avaleht - Susi tee ridaelamud","robots":{"index":"index","follow":"follow","max-snippet":"max-snippet:-1","max-image-preview":"max-image-preview:large","max-video-preview":"max-video-preview:-1"},"canonical":"https:\/\/everaus.ee\/susitee\/","og_locale":"en_US","og_type":"article","og_title":"Avaleht - Susi tee ridaelamud","og_url":"https:\/\/everaus.ee\/susitee\/","og_site_name":"Susi tee ridaelamud","article_modified_time":"2025-08-07T14:48:21+00:00","twitter_card":"summary_large_image","twitter_misc":{"Est. reading time":"1 minute"},"schema":{"@context":"https:\/\/schema.org","@graph":[{"@type":"WebPage","@id":"https:\/\/everaus.ee\/susitee\/","url":"https:\/\/everaus.ee\/susitee\/","name":"Avaleht - Susi tee ridaelamud","isPartOf":{"@id":"https:\/\/everaus.ee\/susitee\/#website"},"primaryImageOfPage":{"@id":"https:\/\/everaus.ee\/susitee\/#primaryimage"},"image":{"@id":"https:\/\/everaus.ee\/susitee\/#primaryimage"},"thumbnailUrl":"https:\/\/everaus.ee\/wp-content\/uploads\/2022\/03\/Everaus-logo.svg","datePublished":"2025-08-07T14:45:36+00:00","dateModified":"2025-08-07T14:48:21+00:00","breadcrumb":{"@id":"https:\/\/everaus.ee\/susitee\/#breadcrumb"},"inLanguage":"en-US","potentialAction":[{"@type":"ReadAction","target":["https:\/\/everaus.ee\/susitee\/"]}]},{"@type":"ImageObject","inLanguage":"en-US","@id":"https:\/\/everaus.ee\/susitee\/#primaryimage","url":"https:\/\/everaus.ee\/wp-content\/uploads\/2022\/03\/Everaus-logo.svg","contentUrl":"https:\/\/everaus.ee\/wp-content\/uploads\/2022\/03\/Everaus-logo.svg"},{"@type":"BreadcrumbList","@id":"https:\/\/everaus.ee\/susitee\/#breadcrumb","itemListElement":[{"@type":"ListItem","position":1,"name":"Home","item":"https:\/\/everaus.ee\/susitee\/"},{"@type":"ListItem","position":2,"name":"Avaleht"}]},{"@type":"WebSite","@id":"https:\/\/everaus.ee\/susitee\/#website","url":"https:\/\/everaus.ee\/susitee\/","name":"Susi tee ridaelamud","description":"Kaasaegsed ridaelamud m\u00f5istliku hinnaga","potentialAction":[{"@type":"SearchAction","target":{"@type":"EntryPoint","urlTemplate":"https:\/\/everaus.ee\/susitee\/?s={search_term_string}"},"query-input":{"@type":"PropertyValueSpecification","valueRequired":true,"valueName":"search_term_string"}}],"inLanguage":"en-US"}]}},"_links":{"self":[{"href":"https:\/\/everaus.ee\/susitee\/wp-json\/wp\/v2\/pages\/515","targetHints":{"allow":["GET"]}}],"collection":[{"href":"https:\/\/everaus.ee\/susitee\/wp-json\/wp\/v2\/pages"}],"about":[{"href":"https:\/\/everaus.ee\/susitee\/wp-json\/wp\/v2\/types\/page"}],"author":[{"embeddable":true,"href":"https:\/\/everaus.ee\/susitee\/wp-json\/wp\/v2\/users\/13"}],"replies":[{"embeddable":true,"href":"https:\/\/everaus.ee\/susitee\/wp-json\/wp\/v2\/comments?post=515"}],"version-history":[{"count":2,"href":"https:\/\/everaus.ee\/susitee\/wp-json\/wp\/v2\/pages\/515\/revisions"}],"predecessor-version":[{"id":518,"href":"https:\/\/everaus.ee\/susitee\/wp-json\/wp\/v2\/pages\/515\/revisions\/518"}],"wp:attachment":[{"href":"https:\/\/everaus.ee\/susitee\/wp-json\/wp\/v2\/media?parent=515"}],"curies":[{"name":"wp","href":"https:\/\/api.w.org\/{rel}","templated":true}]}}